[INFO] cloning repository https://github.com/bjoernQ/puny-tls-esp32c3-demo
[INFO] running `Command { std: "git" "-c" "credential.helper=" "-c" "credential.helper=/workspace/cargo-home/bin/git-credential-null" "clone" "--bare" "https://github.com/bjoernQ/puny-tls-esp32c3-demo" "/workspace/cache/git-repos/https%3A%2F%2Fgithub.com%2FbjoernQ%2Fpuny-tls-esp32c3-demo", kill_on_drop: false }`
[INFO] [stderr] Cloning into bare repository '/workspace/cache/git-repos/https%3A%2F%2Fgithub.com%2FbjoernQ%2Fpuny-tls-esp32c3-demo'...
[INFO] running `Command { std: "git" "rev-parse" "HEAD", kill_on_drop: false }`
[INFO] [stdout] c091468fe05fe2a0b84e0eba1add90b3f764d674
[INFO] checking bjoernQ/puny-tls-esp32c3-demo against master#9610dfe5a9a731ced1ea4923ecbd0c57fe367898 for beta-170-4
[INFO] running `Command { std: "git" "clone" "/workspace/cache/git-repos/https%3A%2F%2Fgithub.com%2FbjoernQ%2Fpuny-tls-esp32c3-demo" "/workspace/builds/worker-5-tc1/source", kill_on_drop: false }`
[INFO] [stderr] Cloning into '/workspace/builds/worker-5-tc1/source'...
[INFO] [stderr] done.
[INFO] validating manifest of git repo https://github.com/bjoernQ/puny-tls-esp32c3-demo on toolchain 9610dfe5a9a731ced1ea4923ecbd0c57fe367898
[INFO] running `Command { std: CARGO_HOME="/workspace/cargo-home" RUSTUP_HOME="/workspace/rustup-home" "/workspace/cargo-home/bin/cargo" "+9610dfe5a9a731ced1ea4923ecbd0c57fe367898" "metadata" "--manifest-path" "Cargo.toml" "--no-deps", kill_on_drop: false }`
[INFO] removed /workspace/builds/worker-5-tc1/source/.cargo/config.toml
[INFO] removed /workspace/builds/worker-5-tc1/source/rust-toolchain.toml
[INFO] started tweaking git repo https://github.com/bjoernQ/puny-tls-esp32c3-demo
[INFO] finished tweaking git repo https://github.com/bjoernQ/puny-tls-esp32c3-demo
[INFO] tweaked toml for git repo https://github.com/bjoernQ/puny-tls-esp32c3-demo written to /workspace/builds/worker-5-tc1/source/Cargo.toml
[INFO] crate git repo https://github.com/bjoernQ/puny-tls-esp32c3-demo already has a lockfile, it will not be regenerated
[INFO] running `Command { std: CARGO_HOME="/workspace/cargo-home" RUSTUP_HOME="/workspace/rustup-home" "/workspace/cargo-home/bin/cargo" "+9610dfe5a9a731ced1ea4923ecbd0c57fe367898" "fetch" "--manifest-path" "Cargo.toml", kill_on_drop: false }`
[INFO] [stderr]     Updating crates.io index
[INFO] [stderr]     Updating git repository `https://github.com/esp-rs/esp-backtrace.git`
[INFO] [stderr]     Updating git repository `https://github.com/esp-rs/esp-println.git`
[INFO] [stderr]     Updating git repository `https://github.com/esp-rs/esp-wifi.git`
[INFO] [stderr]     Updating git repository `https://github.com/esp-rs/esp-hal.git`
[INFO] [stderr]     Updating git repository `https://github.com/bjoernQ/puny-tls`
[INFO] [stderr]     Updating git repository `https://github.com/esp-rs/esp-pacs.git`
[INFO] [stderr]  Downloading crates ...
[INFO] [stderr]   Downloaded riscv-rt-macros v0.2.0
[INFO] [stderr]   Downloaded riscv-rt v0.9.0
[INFO] [stderr]   Downloaded atomic-polyfill v0.1.10
[INFO] [stderr]   Downloaded managed v0.8.0
[INFO] [stderr]   Downloaded esp-println v0.2.2
[INFO] [stderr]   Downloaded mutex-trait v0.2.0
[INFO] [stderr]   Downloaded riscv-atomic-emulation-trap v0.1.1
[INFO] [stderr]   Downloaded linked_list_allocator v0.10.1
[INFO] [stderr]   Downloaded embedded-hal v1.0.0-alpha.8
[INFO] [stderr]   Downloaded no-std-net v0.5.0
[INFO] [stderr]   Downloaded fugit v0.3.6
[INFO] [stderr]   Downloaded heapless v0.7.16
[INFO] [stderr]   Downloaded smoltcp v0.8.1
[INFO] [stderr]   Downloaded riscv v0.8.0
[INFO] [stderr]   Downloaded xtensa-lx v0.7.0
[INFO] [stderr]   Downloaded cortex-m v0.7.6
[INFO] [stderr]   Downloaded gcd v2.1.0
[INFO] [stderr]   Downloaded embedded-io v0.3.0
[INFO] [stderr]   Downloaded esp-alloc v0.1.0
[INFO] [stderr]   Downloaded embedded-svc v0.22.1
[INFO] running `Command { std: "docker" "create" "-v" "/var/lib/crater-agent-workspace/builds/worker-5-tc1/target:/opt/rustwide/target:rw,Z" "-v" "/var/lib/crater-agent-workspace/builds/worker-5-tc1/source:/opt/rustwide/workdir:ro,Z" "-v" "/var/lib/crater-agent-workspace/cargo-home:/opt/rustwide/cargo-home:ro,Z" "-v" "/var/lib/crater-agent-workspace/rustup-home:/opt/rustwide/rustup-home:ro,Z" "-e" "SOURCE_DIR=/opt/rustwide/workdir" "-e" "CARGO_TARGET_DIR=/opt/rustwide/target" "-e" "CARGO_HOME=/opt/rustwide/cargo-home" "-e" "RUSTUP_HOME=/opt/rustwide/rustup-home" "-w" "/opt/rustwide/workdir" "-m" "1610612736" "--user" "0:0" "--network" "none" "ghcr.io/rust-lang/crates-build-env/linux@sha256:19e73879b68f455e41552ea35293514db52ea292d993f571636dbffedb77a1ee" "/opt/rustwide/cargo-home/bin/cargo" "+9610dfe5a9a731ced1ea4923ecbd0c57fe367898" "metadata" "--no-deps" "--format-version=1", kill_on_drop: false }`
[INFO] [stdout] d208db0a5f565c624b0393899b2c6c4b8efc7d1ddcdcfa756b871bc1c253f434
[INFO] running `Command { std: "docker" "start" "-a" "d208db0a5f565c624b0393899b2c6c4b8efc7d1ddcdcfa756b871bc1c253f434", kill_on_drop: false }`
[INFO] running `Command { std: "docker" "inspect" "d208db0a5f565c624b0393899b2c6c4b8efc7d1ddcdcfa756b871bc1c253f434", kill_on_drop: false }`
[INFO] running `Command { std: "docker" "rm" "-f" "d208db0a5f565c624b0393899b2c6c4b8efc7d1ddcdcfa756b871bc1c253f434", kill_on_drop: false }`
[INFO] [stdout] d208db0a5f565c624b0393899b2c6c4b8efc7d1ddcdcfa756b871bc1c253f434
[INFO] running `Command { std: "docker" "create" "-v" "/var/lib/crater-agent-workspace/builds/worker-5-tc1/target:/opt/rustwide/target:rw,Z" "-v" "/var/lib/crater-agent-workspace/builds/worker-5-tc1/source:/opt/rustwide/workdir:ro,Z" "-v" "/var/lib/crater-agent-workspace/cargo-home:/opt/rustwide/cargo-home:ro,Z" "-v" "/var/lib/crater-agent-workspace/rustup-home:/opt/rustwide/rustup-home:ro,Z" "-e" "SOURCE_DIR=/opt/rustwide/workdir" "-e" "CARGO_TARGET_DIR=/opt/rustwide/target" "-e" "CARGO_INCREMENTAL=0" "-e" "RUST_BACKTRACE=full" "-e" "RUSTFLAGS=--cap-lints=forbid" "-e" "RUSTDOCFLAGS=--cap-lints=forbid" "-e" "CARGO_HOME=/opt/rustwide/cargo-home" "-e" "RUSTUP_HOME=/opt/rustwide/rustup-home" "-w" "/opt/rustwide/workdir" "-m" "1610612736" "--user" "0:0" "--network" "none" "ghcr.io/rust-lang/crates-build-env/linux@sha256:19e73879b68f455e41552ea35293514db52ea292d993f571636dbffedb77a1ee" "/opt/rustwide/cargo-home/bin/cargo" "+9610dfe5a9a731ced1ea4923ecbd0c57fe367898" "check" "--frozen" "--all" "--all-targets" "--message-format=json", kill_on_drop: false }`
[INFO] [stdout] 98cf968a0891ac6ad12bac64563dc2db809f03d04772be2c066a3eaf70609906
[INFO] running `Command { std: "docker" "start" "-a" "98cf968a0891ac6ad12bac64563dc2db809f03d04772be2c066a3eaf70609906", kill_on_drop: false }`
[INFO] [stderr]    Compiling proc-macro2 v1.0.43
[INFO] [stderr]    Compiling unicode-ident v1.0.3
[INFO] [stderr]    Compiling quote v1.0.21
[INFO] [stderr]    Compiling syn v1.0.99
[INFO] [stderr]    Compiling regex-syntax v0.6.27
[INFO] [stderr]    Compiling fnv v1.0.7
[INFO] [stderr]    Compiling ident_case v1.0.1
[INFO] [stderr]     Checking bare-metal v1.0.0
[INFO] [stderr]     Checking nb v1.0.0
[INFO] [stderr]    Compiling riscv v0.8.0
[INFO] [stderr]    Compiling memchr v2.5.0
[INFO] [stderr]     Checking void v1.0.2
[INFO] [stderr]     Checking bit_field v0.10.1
[INFO] [stderr]     Checking byteorder v1.4.3
[INFO] [stderr]     Checking generic-array v0.14.6
[INFO] [stderr]    Compiling semver v1.0.13
[INFO] [stderr]     Checking nb v0.1.3
[INFO] [stderr]    Compiling strsim v0.10.0
[INFO] [stderr]     Checking r0 v1.0.0
[INFO] [stderr]    Compiling unicode-xid v0.2.3
[INFO] [stderr]     Checking cpufeatures v0.2.3
[INFO] [stderr]     Checking embedded-hal v0.2.7
[INFO] [stderr]    Compiling serde_derive v1.0.143
[INFO] [stderr]    Compiling paste v1.0.8
[INFO] [stderr]    Compiling esp32c3 v0.4.0 (https://github.com/esp-rs/esp-pacs.git?branch=with_source#23f9f762)
[INFO] [stderr]     Checking vcell v0.1.3
[INFO] [stderr]    Compiling critical-section v0.2.7
[INFO] [stderr]    Compiling esp-hal-common v0.1.0 (https://github.com/esp-rs/esp-hal.git#ede5007f)
[INFO] [stderr]    Compiling serde v1.0.143
[INFO] [stderr]     Checking hash32 v0.2.1
[INFO] [stderr]     Checking spin v0.9.4
[INFO] [stderr]    Compiling esp32c3-hal v0.1.0 (https://github.com/esp-rs/esp-hal.git#ede5007f)
[INFO] [stderr]    Compiling atomic-polyfill v0.1.10
[INFO] [stderr]    Compiling esp-println v0.2.2
[INFO] [stderr]     Checking rand_core v0.5.1
[INFO] [stderr]     Checking embedded-io v0.3.0
[INFO] [stderr]    Compiling aho-corasick v0.7.18
[INFO] [stderr]     Checking stable_deref_trait v1.2.0
[INFO] [stderr]     Checking embedded-hal v1.0.0-alpha.8
[INFO] [stderr]     Checking managed v0.8.0
[INFO] [stderr]    Compiling esp-backtrace v0.1.0 (https://github.com/esp-rs/esp-backtrace.git#4a2fd181)
[INFO] [stderr]    Compiling esp-println v0.2.2 (https://github.com/esp-rs/esp-println.git#f89e1751)
[INFO] [stderr]     Checking crypto-common v0.1.6
[INFO] [stderr]    Compiling rustc_version v0.4.0
[INFO] [stderr]     Checking block-buffer v0.10.2
[INFO] [stderr]     Checking cipher v0.3.0
[INFO] [stderr]     Checking universal-hash v0.4.1
[INFO] [stderr]     Checking digest v0.9.0
[INFO] [stderr]     Checking digest v0.10.3
[INFO] [stderr]     Checking aead v0.4.3
[INFO] [stderr]     Checking ctr v0.8.0
[INFO] [stderr]     Checking polyval v0.5.3
[INFO] [stderr]     Checking aes v0.7.5
[INFO] [stderr]     Checking no-std-net v0.5.0
[INFO] [stderr]     Checking gcd v2.1.0
[INFO] [stderr]     Checking bitflags v1.3.2
[INFO] [stderr]     Checking esp-alloc v0.1.0
[INFO] [stderr]     Checking hmac v0.12.1
[INFO] [stdout] error[E0432]: unresolved import `linked_list_allocator`
[INFO] [stdout]   --> /opt/rustwide/cargo-home/registry/src/index.crates.io-6f17d22bba15001f/esp-alloc-0.1.0/src/lib.rs:23:5
[INFO] [stdout]    |
[INFO] [stdout] 23 | use linked_list_allocator::Heap;
[INFO] [stdout]    |     ^^^^^^^^^^^^^^^^^^^^^ use of undeclared crate or module `linked_list_allocator`
[INFO] [stdout] 
[INFO] [stdout] 
[INFO] [stderr]     Checking fugit v0.3.6
[INFO] [stderr]     Checking sha2 v0.10.2
[INFO] [stdout] error[E0433]: failed to resolve: use of undeclared crate or module `interrupt`
[INFO] [stdout]   --> /opt/rustwide/cargo-home/registry/src/index.crates.io-6f17d22bba15001f/esp-alloc-0.1.0/src/lib.rs:75:9
[INFO] [stdout]    |
[INFO] [stdout] 75 |         interrupt::free(|cs| self.heap.borrow(*cs).borrow_mut().init(heap_bottom, size));
[INFO] [stdout]    |         ^^^^^^^^^ use of undeclared crate or module `interrupt`
[INFO] [stdout] 
[INFO] [stdout] 
[INFO] [stdout] error[E0433]: failed to resolve: use of undeclared crate or module `interrupt`
[INFO] [stdout]   --> /opt/rustwide/cargo-home/registry/src/index.crates.io-6f17d22bba15001f/esp-alloc-0.1.0/src/lib.rs:80:9
[INFO] [stdout]    |
[INFO] [stdout] 80 |         interrupt::free(|cs| self.heap.borrow(*cs).borrow_mut().used())
[INFO] [stdout]    |         ^^^^^^^^^ use of undeclared crate or module `interrupt`
[INFO] [stdout] 
[INFO] [stdout] 
[INFO] [stdout] error[E0433]: failed to resolve: use of undeclared crate or module `interrupt`
[INFO] [stdout]   --> /opt/rustwide/cargo-home/registry/src/index.crates.io-6f17d22bba15001f/esp-alloc-0.1.0/src/lib.rs:85:9
[INFO] [stdout]    |
[INFO] [stdout] 85 |         interrupt::free(|cs| self.heap.borrow(*cs).borrow_mut().free())
[INFO] [stdout]    |         ^^^^^^^^^ use of undeclared crate or module `interrupt`
[INFO] [stdout] 
[INFO] [stdout] 
[INFO] [stdout] error[E0433]: failed to resolve: use of undeclared crate or module `interrupt`
[INFO] [stdout]   --> /opt/rustwide/cargo-home/registry/src/index.crates.io-6f17d22bba15001f/esp-alloc-0.1.0/src/lib.rs:91:9
[INFO] [stdout]    |
[INFO] [stdout] 91 |         interrupt::free(|cs| {
[INFO] [stdout]    |         ^^^^^^^^^ use of undeclared crate or module `interrupt`
[INFO] [stdout] 
[INFO] [stdout] 
[INFO] [stdout] error[E0433]: failed to resolve: use of undeclared crate or module `interrupt`
[INFO] [stdout]    --> /opt/rustwide/cargo-home/registry/src/index.crates.io-6f17d22bba15001f/esp-alloc-0.1.0/src/lib.rs:102:9
[INFO] [stdout]     |
[INFO] [stdout] 102 |         interrupt::free(|cs| {
[INFO] [stdout]     |         ^^^^^^^^^ use of undeclared crate or module `interrupt`
[INFO] [stdout] 
[INFO] [stdout] 
[INFO] [stdout] error: aborting due to 6 previous errors
[INFO] [stdout] 
[INFO] [stdout] 
[INFO] [stderr]     Checking crc-catalog v2.1.0
[INFO] [stdout] Some errors have detailed explanations: E0432, E0433.
[INFO] [stdout] 
[INFO] [stdout] For more information about an error, try `rustc --explain E0432`.
[INFO] [stdout] 
[INFO] [stderr] error: could not compile `esp-alloc` (lib) due to 7 previous errors
[INFO] [stderr] warning: build failed, waiting for other jobs to finish...
[INFO] running `Command { std: "docker" "inspect" "98cf968a0891ac6ad12bac64563dc2db809f03d04772be2c066a3eaf70609906", kill_on_drop: false }`
[INFO] running `Command { std: "docker" "rm" "-f" "98cf968a0891ac6ad12bac64563dc2db809f03d04772be2c066a3eaf70609906", kill_on_drop: false }`
[INFO] [stdout] 98cf968a0891ac6ad12bac64563dc2db809f03d04772be2c066a3eaf70609906
